 + 3*b - 214, -4*a = 8. Calculate the highest common factor of b and 7.
7
Let u(t) = t**3 - 5*t**2 - 7*t + 7. Let q be u(6). Let y be (2 - 1)*(3 + -2). What is the highest common divisor of q and y?
1
Let t be (3 + -2)/((-1)/(-3)). Let c be 1/t - 572/(-12). Suppose 0 = -d - 2*d + c. Calculate the highest common divisor of d and 16.
16
Let p(f) = 2*f**3 - 2*f**2 - 3*f. Let s be p(4). Suppose 0*u + 192 = 16*u. What is the greatest common divisor of s and u?
12
Let d(c) = -2*c - 2 - c + 5*c**2 + 5. Let u be d(2). Suppose 477 = 2*v + 103. Calculate the greatest common factor of v and u.
17
Suppose 270 = -0*h + 5*h. What is the greatest common divisor of 6 and h?
6
Let m be 12*-1*(-4 + 2)*1. Suppose 30 = 3*j + 2*j. Calculate the greatest common factor of m and j.
6
Let y = -20 + 37. Suppose -5*q = 2*u - y, -5*q + 2*q - 3 = -u. Let a be ((-2)/2)/((-2)/18). Calculate the highest common factor of u and a.
3
Suppose 3*l - 17 = 40. What is the highest common divisor of 133 and l?
19
Let m be -3 - -147*(-3 - -4). What is the highest common factor of m and 16?
16
Let a be 83/5 + -2 + (-99)/165. What is the greatest common factor of 28 and a?
14
Let p(q) = -q**3 - 4*q**2 + 3*q + 1. Let h be p(-6). Let m = -4 + -4. Let s = 19 + m. What is the greatest common factor of s and h?
11
Let b be (-3)/(-12) + (-11)/(-4). Suppose 0*z = -4*k + z - 900, b*k - 5*z = -675. Let x = k - -390. Calculate the highest common factor of x and 15.
15
Suppose -w = -6 - 1. Suppose w + 1 = -2*q. Let u = 12 + q. Calculate the greatest common factor of 16 and u.
8
Let h(d) = d - 3. Let s be h(6). Let r(t) = s + 0 - t**2 + 5*t**2 - 4. Let g be r(-2). What is the greatest common divisor of g and 120?
15
Suppose 0 = 5*k - 4*k + 3, -c = -k - 43. Calculate the highest common divisor of 20 and c.
20
Suppose 13 = 4*i - 11. Suppose 0 = i*u - 5*u - 143. Calculate the highest common divisor of 13 and u.
13
Let a(w) = 11*w**3 - w. Let m be a(1). Let c(r) = 10 - 5*r**2 + 0 - 3*r - 2 + m*r - r**3. Let d be c(-6). What is the highest common factor of d and 10?
2
Let k(p) = -8*p - 16. Let a be k(-12). Calculate the greatest common divisor of 10 and a.
10
Let p = 7 + 3. Let r be (-405)/(-12)*(-16)/(-6). What is the highest common factor of p and r?
10
Let k = 17 + 1. Calculate the greatest common divisor of 18 and k.
18
Let y = 10 + -7. Suppose -x = -w - 4*x + 18, y*w - 54 = 4*x. Let d(b) = 9*b. Let p be d(3). Calculate the greatest common divisor of p and w.
9
Suppose 5*n + 39 = -2*h, 4*h - 5*n + 47 - 14 = 0. Let c be (32/(-12))/((-2)/h). Let b = -10 - c. Calculate the greatest common divisor of b and 48.
6
Suppose 2*x + 10 = -0. Let w be x + 2 - (-18 - -2). Calculate the highest common factor of w and 65.
13
Suppose l = -z + 7, 5*l - 3*z = z + 53. Suppose -s = -l + 1. Suppose -3*h + s*h = 85. Calculate the greatest common divisor of 68 and h.
17
Let v = 45 + -18. Suppose 0 = 6*h - 2*h - 12. What is the greatest common factor of v and h?
3
Let f = 21 + 69. Calculate the greatest common divisor of 10 and f.
10
Let w(o) = 2*o**2 + 29*o + 11. Let z be w(-15). Calculate the greatest common divisor of 39 and z.
13
Let p be -3*(1 + -2)*21. Let n be (3 - (-1 + 2))*2. Let z be (42/(-9))/(n/(-6)). Calculate the highest common factor of z and p.
7
Suppose -x + 5*x = 8. Suppose -5 = -x*m - 3. Suppose -17 = -w + m. What is the highest common factor of w and 45?
9
Suppose -z - 2*w - 7 = 0, -2*z - w - w - 6 = 0. Calculate the greatest common factor of z and 8.
1
Let v = 18 - 5. What is the greatest common factor of 65 and v?
13
Suppose 3*i + 2*i - 20 = 0. Suppose 4*l = 5*f - 892, -5*f + i*l = -3*f - 364. Let k be (3/(-2))/((-6)/64). What is the greatest common divisor of f and k?
16
Suppose 0 = -5*q + 173 - 23. Suppose 48 = 4*p - 4*n, p = -3*n + 4 + 20. Calculate the greatest common factor of p and q.
15
Let d = -96 + 161. Calculate the greatest common divisor of d and 26.
13
Let r be 140*(-6)/(-35)*21/3. What is the greatest common factor of 21 and r?
21
Let v = -3 - -5. Let c be 10 + (-3)/6*v. What is the greatest common divisor of c and 63?
9
Let n be 5 + -2 - (-225 + 2 + 1). What is the greatest common divisor of 90 and n?
45
Suppose -4 = m - 2*m. Suppose -t + 10 = 3*w, -w + 11 = m*t - 29. Let o(b) = 5*b + 20. Let a be o(10). Calculate the greatest common divisor of a and t.
10
Let b = 136 - 110. What is the greatest common factor of 26 and b?
26
Suppose -4*q = -2*o - 14 + 34, 3*o = q + 50. Calculate the greatest common factor of 108 and o.
18
Let a be -2*2/(-12)*6. Let v be 2 - (-4 + a + -111). Suppose 3*c = -2*c - 2*x + 119, 111 = 5*c - 2*x. What is the greatest common divisor of c and v?
23
Let r = 477 - 177. What is the highest common factor of 30 and r?
30
Suppose -5*m - 10 = 50. Let t be ((-30)/9)/(2/m). Calculate the greatest common factor of 160 and t.
20
Suppose -3*d + 41 = 5*t, -2*d + 18 = 2*t - 8. Calculate the greatest common divisor of d and 84.
12
Suppose 2*v = -3*i + 8, 2*v - 12 = -v + i. Suppose -3*j + j - 16 = -4*x, -16 = -v*x - j. Suppose -2*q + 4 = -x. What is the greatest common divisor of q and 4?
4
Let c(x) = 2*x + 1. Let b be c(7). What is the highest common factor of b and 30?
15
Let g be ((3 - -1) + -3)/1. Let z(m) = 6*m**2 + m. Let c be z(g). What is the greatest common divisor of 7 and c?
7
Let p(a) = -a**2 - 2*a + 1. Let i be p(-2). Let h be 25 + i + 0/(-1). Calculate the highest common factor of h and 13.
13
Let m = 3 - 1. Let d be ((-30)/8)/(m/(-24)). What is the highest common divisor of d and 9?
9
Suppose -5*x - 13*x = -288. Calculate the highest common factor of 64 and x.
16
Suppose -37 - 11 = -4*n. Suppose 0 = -4*a + 2*a + 4*o + 156, 348 = 4*a + 4*o. Calculate the greatest common factor of a and n.
12
Suppose 3*u - 2*u - 4 = 0. Let v be 6/u + 82/4. What is the highest common factor of 66 and v?
22
Let v(d) = 26*d**2 + 5*d + 6. Let x be v(-2). Calculate the greatest common factor of 40 and x.
20
Suppose -3*u - 28 = -2*f + 1, -2*f + 28 = -4*u. Let n be (2/1 - 0)*1. Suppose 0 = -0*y - n*y + 48. What is the greatest common divisor of y and f?
8
Suppose 5*f + a - 181 = 0, 5*a - 27 = -3*f + 86. What is the highest common factor of f and 12?
12
Let k(r) = -28*r + 3. Let z be k(-6). What is the highest common divisor of z and 19?
19
Let t = 274 - 109. What is the greatest common factor of 30 and t?
15
Let y(r) = -r + 76. Let w be y(0). Calculate the highest common divisor of w and 19.
19
Let o(r) = -3*r**2 - r + 14. Let d be o(6). Let u = d + 170. Suppose 5*w - 56 - 84 = 0. Calculate the greatest common factor of w and u.
14
Let g(h) = 6*h**2 + 2*h - 3. Let d be g(6). What is the greatest common divisor of 25 and d?
25
Let w(i) = -i**3 + i**2 - i + 6. Let l be w(0). Let j(y) = 3*y**2 + y - 2. Let x be j(1). Calculate the greatest common divisor of l and x.
2
Let s = 119 + -81. Suppose -5*a + 258 - s = 0. What is the highest common factor of a and 110?
22
Let r = 8 - 6. Suppose -3*q - r*g = -257, -5*q + q + 3*g + 337 = 0. Suppose -4*l + 37 + 32 = t, t - q = -5*l. Calculate the highest common factor of l and 4.
4
Suppose -2*o - 138 = -8*o. Suppose -500 = 18*a - o*a. Suppose -v = 3*v - 160. What is the highest common factor of a and v?
20
Let v(p) = 11*p + 1. Let y be v(1). Let q(k) = -58*k - 1. Let a be q(-1). Suppose a = h - 63. What is the greatest common divisor of h and y?
12
Let g be (-26 - 4/(-2))/(-1). What is the highest common factor of g and 6?
6
Suppose 2*b + 5*a + 6 = 0, 3*a - 3 = -5*b + 1. Let x be (b/(-4))/((-4)/128). What is the greatest common factor of 2 and x?
2
Let z(y) = y**3 + 5*y**2 + 4*y + 4. Let w be (9/(-6))/((-1)/(-2)). Let h be z(w). What is the greatest common factor of h and 20?
10
Let l(d) = -d**3 + d**2 + 3*d + 2. Let r be l(-4). What is the greatest common factor of 28 and r?
14
Let m(q) = 6 + 12*q - 5*q - 8 + 2*q**2. Let i be m(-5). What is the highest common factor of i and 117?
13
Suppose -w = -142 - 23. Let x(i) = -i**3 - i**2 + 8*i + 6. Let z be x(-5). What is the highest common divisor of z and w?
33
Suppose 0 = -4*h - 5*p + 36, 5*p - 3*p - 8 = 0. Let r = -8 - -6. Let j be r/(-8) - 279/(-36). Calculate the greatest common divisor of j and h.
4
Suppose 9 = b + 2*h, -h = 3*b - 7 - 10. Suppose -b*x + 7 = -8. Calculate the greatest common factor 